ousands digit of 39799?
9
What is the hundreds digit of 25471?
4
What is the units digit of 3646?
6
What is the thousands digit of 10303?
0
What is the ten thousands digit of 28307?
2
What is the tens digit of 3394?
9
What is the units digit of 60221?
1
What is the hundreds digit of 41717?
7
What is the hundreds digit of 6378?
3
What is the thousands digit of 185231?
5
What is the ten thousands digit of 14798?
1
What is the units digit of 965?
5
What is the hundreds digit of 5978?
9
What is the hundreds digit of 381?
3
What is the tens digit of 64082?
8
What is the ten thousands digit of 39643?
3
What is the tens digit of 28862?
6
What is the thousands digit of 1925?
1
What is the hundreds digit of 37699?
6
What is the thousands digit of 22000?
2
What is the tens digit of 3624?
2
What is the tens digit of 23406?
0
What is the tens digit of 3676?
7
What is the thousands digit of 7558?
7
What is the tens digit of 8374?
7
What is the hundreds digit of 19440?
4
What is the units digit of 4109?
9
What is the thousands digit of 161357?
1
What is the hundreds digit of 12843?
8
What is the hundreds digit of 12526?
5
What is the units digit of 3236?
6
What is the hundreds digit of 1569?
5
What is the units digit of 113790?
0
What is the hundreds digit of 10555?
5
What is the tens digit of 279?
7
What is the tens digit of 474?
7
What is the units digit of 377?
7
What is the thousands digit of 7817?
7
What is the tens digit of 877?
7
What is the tens digit of 101?
0
What is the hundreds digit of 181215?
2
What is the tens digit of 792?
9
What is the thousands digit of 3916?
3
What is the units digit of 600?
0
What is the ten thousands digit of 33474?
3
What is the tens digit of 186553?
5
What is the hundreds digit of 11765?
7
What is the tens digit of 1736?
3
What is the units digit of 2470?
0
What is the units digit of 2955?
5
What is the hundreds digit of 112859?
8
What is the hundreds digit of 4714?
7
What is the tens digit of 32639?
3
What is the units digit of 1606?
6
What is the tens digit of 2921?
2
What is the units digit of 3495?
5
What is the tens digit of 10834?
3
What is the units digit of 511?
1
What is the thousands digit of 11640?
1
What is the tens digit of 23036?
3
What is the hundreds digit of 378?
3
What is the thousands digit of 4705?
4
What is the thousands digit of 15135?
5
What is the units digit of 724?
4
What is the ten thousands digit of 19724?
1
What is the units digit of 3214?
4
What is the units digit of 17361?
1
What is the tens digit of 8334?
3
What is the thousands digit of 2590?
2
What is the thousands digit of 4929?
4
What is the hundreds digit of 1274?
2
What is the ten thousands digit of 80115?
8
What is the units digit of 13797?
7
What is the thousands digit of 42944?
2
What is the tens digit of 881?
8
What is the tens digit of 808?
0
What is the tens digit of 257?
5
What is the thousands digit of 6720?
6
What is the units digit of 37127?
7
What is the tens digit of 4851?
5
What is the tens digit of 1119?
1
What is the units digit of 1105?
5
What is the units digit of 1202?
2
What is the units digit of 32975?
5
What is the thousands digit of 3905?
3
What is the hundreds digit of 5164?
1
What is the thousands digit of 4431?
4
What is the hundreds digit of 1540?
5
What is the hundreds digit of 51812?
8
What is the units digit of 219?
9
What is the ten thousands digit of 77104?
7
What is the hundreds digit of 35834?
8
What is the tens digit of 7471?
7
What is the tens digit of 885?
8
What is the hundreds digit of 30867?
8
What is the tens digit of 541?
4
What is the tens digit of 496?
9
What is the units digit of 26114?
4
What is the tens digit of 14346?
4
What is the hundreds digit of 12738?
7
What is the tens digit of 2745?
4
What is the tens digit of 859?
5
What is the tens digit of 1316?
1
What is the units digit of 736?
6
What is the units digit of 5939?
9
What is the thousands digit of 4612?
4
What is the hundreds digit of 4307?
3
What is the ten thousands digit of 16683?
1
What is the hundreds digit of 17239?
2
What is the tens digit of 573?
7
What is the hundreds digit of 14791?
7
What is the thousands digit of 1269?
1
What is the thousands digit of 10465?
0
What is the units digit of 388?
8
What is the thousands digit of 3760?
3
What is the units digit of 450?
0
What is the tens digit of 6057?
5
What is the tens digit of 69448?
4
What is the tens digit of 114?
1
What is the units digit of 34574?
4
What is the hundred thousands digit of 131039?
1
What is the units digit of 744?
4
What is the units digit of 16887?
7
What is the thousands digit of 65673?
5
What is the hundreds digit of 4479?
4
What is the hundreds digit of 6114?
1
What is the thousands digit of 56425?
6
What is the hundreds digit of 18424?
4
What is the thousands digit of 1145?
1
What is the hundreds digit of 5264?
2
What is the units digit of 6093?
3
What is the units digit of 2591?
1
What is the units digit of 1725?
5
What is the units digit of 1667?
7
What is the ten thousands digit of 115450?
1
What is the tens digit of 82396?
9
What is the tens digit of 952?
5
What is the tens digit of 247?
4
What is the hundreds digit of 797?
7
What is the tens digit of 1695?
9
What is the hundreds digit of 399?
3
What is the tens digit of 52?
5
What is the thousands digit of 4294?
4
What is the hundreds digit of 5090?
0
What is the units digit of 8310?
0
What is the thousands digit of 2181?
2
What is the thousands digit of 8874?
8
What is the units digit of 1191?
1
What is the units digit of 32885?
5
What is the units digit of 6012?
2
What is the hundreds digit of 3283?
2
What is the tens digit of 980?
8
What is the tens digit of 399?
9
What is the tens digit of 945?
4
What is the units digit of 476?
6
What is the hundreds digit of 66066?
0
What is the thousands digit of 4608?
4
What is the ten thousands digit of 18053?
1
What is the units digit of 4760?
0
What is the hundreds digit of 14941?
9
What is the tens digit of 14821?
2
What is the hundreds digit of 607?
6
What is the hundreds digit of 18299?
2
What is the thousands digit of 6319?
6
What is the thousands digit of 1214?
1
What is the hundreds digit of 1459?
4
What is the units digit of 61712?
2
What is the tens digit of 1517?
1
What is the tens digit of 3960?
6
What is the hundreds digit of 1359?
3
What is the ten thousands digit of 12811?
1
What is the thousands digit of 31551?
1
What is the tens digit of 101?
0
What is the hundreds digit of 1275?
2
What is the units digit of 37610?
0
What is the units digit of 2029?
9
What is the thousands digit of 4631?
4
What is the tens digit of 2199?
9
What is the hundreds digit of 14850?
8
What is the thousands digit of 35874?
5
What is the ten thousands digit of 63706?
6
What is the hundreds digit of 1077?
0
What is the tens digit of 1925?
2
What is the units digit of 3876?
6
What is the thousands digit of 5797?
5
What is the tens digit of 654?
5
What is the units digit of 437?
7
What is the thousands digit of 1977?
1
What is the hundreds digit of 848?
8
What is the hundreds digit of 454?
4
What is the ten thousands digit of 153301?
5
What is the units digit of 458?
8
What is the thousands digit of 3502?
3
What is the units digit of 4297?
7
What is the ten thousands digit of 138501?
3
What is the tens digit of 1504?
0
What is the units digit of 704?
4
What is the ten thousands digit of 39572?
3
What is the ten thousands digit of 45409?
4
What is the tens digit of 89088?
8
What is the thousands digit of 15381?
5
What is the thousands digit of 4597?
4
What is the units digit of 1722?
2
What is the units digit of 4229?
9
What is the tens digit of 2550?
5
What is the thousands digit of 84950?
4
What is the hundreds digit of 8629?
6
What is the tens digit of 106292?
9
What is the hundreds digit of 5506?
5
What is the thousands digit of 3351?
3
What is the hundreds digit of 200?
2
What is the units digit of 2672?
2
What is the tens digit of 5914?
1
What is the units digit of 9018?
8
What is the units digit of 355?
5
What is the ten thousands digit of 89584?
8
What is the tens digit of 382?
8
What is the units digit of 3344?
4
What is the thousands digit of 5186?
5
What is the tens digit of 6334?
3
What is the units digit of 3467?
7
What is the thousands digit 